ainder when c is divided by n?
2
Suppose 5*m - 49 = -2*z, -2*z + 5 = 2*m - 47. Calculate the remainder when 107 is divided by z.
26
Let d = -93 - -142. Let n = 48 - 31. What is the remainder when d is divided by n?
15
Let w = -411 + 13. Let k = w - -251. What is the remainder when (2 - 0)/((-6)/k) is divided by 17?
15
Let d(z) = z**2 + 2*z - 1. Calculate the remainder when (-144)/20*(-10)/4 is divided by d(-4).
4
What is the remainder when 4/(-4) - -2 - -18 is divided by 8?
3
Let h(p) = p**3 + 6*p**2 + 7*p + 8. Let w = 15 - 21. Let a = w - -28. Calculate the remainder when a is divided by h(-4).
10
Let n(g) = 9*g**2 + 2*g - 2. Calculate the remainder when n(2) is divided by (-39)/2*(-6)/9.
12
Let u = -60 - -79. Calculate the remainder when 33 is divided by u.
14
Suppose -14 = -t + 8. Calculate the remainder when t is divided by 6.
4
Suppose x + 3*x = 16. Suppose 11*l - 112 - 31 = 0. Calculate the remainder when l is divided by x.
1
Suppose -150 = -6*o + 3*o. Calculate the remainder when o is divided by -17*(-5 - 12/(-3)).
16
Let r = 10 - 6. Suppose -r*m + 56 = -0*m. Suppose -5*b + w + 14 = -21, 3*b - 44 = -4*w. What is the remainder when m is divided by b?
6
Suppose -3*r + 5*r - 59 = 3*m, 5*r + 4*m - 90 = 0. What is the remainder when 60 is divided by r?
16
Let p(y) be the third derivative of y**5/60 - 5*y**4/24 - 2*y**3/3 + 7*y**2. Calculate the remainder when 27 is divided by p(7).
7
Let l be (-2)/9 - 4/(-18). Suppose 0*g = -3*o + g + 66, -4*o + 5*g + 99 = l. Calculate the remainder when 60 is divided by o.
18
Suppose -16 - 16 = -v. What is the remainder when v is divided by 5?
2
Let r(h) = -h**2 + 8*h + 7. Suppose 2*x - 3 - 3 = 0. Suppose -6 = -j - x*o + 4, 3*j - 19 = 2*o. Calculate the remainder when 39 is divided by r(j).
11
Let c = -6 + 9. Suppose 193 = -3*y - 4*j, -5*y + c*j - 375 = -j. Let z = -34 - y. What is the remainder when z is divided by 19?
18
Let m = -224 + 503. Suppose 3*l - 81 - m = 0. Suppose -7*c + l = -2*c. What is the remainder when c is divided by 13?
11
Suppose 0 - 12 = -2*z. Calculate the remainder when 27 is divided by z.
3
Let i = 1 + 3. Suppose -2*n + i*c + 61 = 19, 5*c + 15 = 0. Suppose 3*t = 57 + 72. Calculate the remainder when t is divided by n.
13
Suppose 5*r = -0*r + 25. Suppose f = 5*v + 2*f - 45, -4*f = -r*v + 20. What is the remainder when 22 is divided by v?
6
Suppose i + 4 + 4 = 2*s, -4*i = -5*s + 23. Suppose -s*u - u + 72 = 0. Let r = -37 + 89. Calculate the remainder when r is divided by u.
16
Let m be 5/(10/(-6)) - 0. Let l be (-32)/m*(14 - -1). Suppose 5*h = h + l. What is the remainder when h is divided by 14?
12
Suppose 2*x - 5*y = 15, -7*y = -3*x - 3*y + 33. Let a = -4 + x. What is the remainder when 20 is divided by a?
9
Suppose 5*u = -2*q + 34, -u = u. What is the remainder when 32 is divided by q?
15
Let c = -24 + -4. Let z = c - -48. Let t(n) = 58*n**3 + n**2 - 2*n + 1. Calculate the remainder when t(1) is divided by z.
18
Suppose 19 = 5*y - 56. Calculate the remainder when (8/(-6))/(6/(-261)) is divided by y.
13
Suppose 8*k - 455 = -5*k. What is the remainder when 102 is divided by k?
32
Let n be (-50)/(-6) - (-14)/(-42). Suppose 0 = -q + 4*g - n*g + 45, 0 = 2*q - 2*g - 130. What is the remainder when q is divided by 16?
13
Suppose 3*w = -w. Suppose b = -w*b + 15. Suppose 5*h - 123 = 92. Calculate the remainder when h is divided by b.
13
Suppose d + 0*d - 25 = -4*p, -19 = -4*p - 3*d. Calculate the remainder when p is divided by 2.
1
Let s = 60 - 51. Let q = 50 + -34. Calculate the remainder when q is divided by s.
7
Let o = 54 + -29. Calculate the remainder when o is divided by 14.
11
Suppose 4*m = 89 - 17. Suppose 0 = 4*h + 2 - m. Suppose o = h*y - 3*o - 76, y - 2*o - 23 = 0. What is the remainder when 29 is divided by y?
14
Let w(j) = 30*j**2 - 2*j + 1. What is the remainder when w(1) is divided by 5?
4
Let h(q) = 3*q**2 + 1. Let u = -8 - -6. Calculate the remainder when h(u) is divided by ((-4)/6)/(1/(-6)).
1
Let c(i) = 2*i**2 + i - 4. Suppose 128 = 2*l + 2*z, 5*l - 3*z = -47 + 367. Suppose 5*y = 3*y + l. Calculate the remainder when y is divided by c(3).
15
Suppose 0 = -2*r, 2*r = -4*g + 4*r + 44. What is the remainder when 43 is divided by g?
10
Suppose 2*z = 3*x - 41, 2*x + 3*x - 2*z - 75 = 0. What is the remainder when (-5 - -12)/((-2)/(-14)) is divided by x?
15
Let a = 1 + -6. Let l = 0 - 8. What is the remainder when (l/a)/(-4)*-50 is divided by 11?
9
Let a = 263 + -186. What is the remainder when a is divided by (24/15 + -2)*-50?
17
Let f = -13 + 25. What is the remainder when 23 is divided by f?
11
Suppose -i + 0*i = -113. What is the remainder when i is divided by 29?
26
Let d = -73 + 131. What is the remainder when d is divided by (8/(-28) - (-3)/(-14))*-40?
18
Let q = 13 + -10. What is the remainder when 22 is divided by 12/2 + -1 + q?
6
Suppose -z + 12 + 16 = 0. Let p = 41 - z. What is the remainder when 23 is divided by p?
10
Suppose -b - 10 = -3*v, 4*b - 10 = 2*b. Suppose 0 = -3*m - 2*m + 100. Let d = 29 - m. What is the remainder when d is divided by v?
4
Let v = 3 + -1. Suppose 3*x + 6 = 3*w, 2*w = -3*x + w + v. What is the remainder when 7 + 1*x/(-1) is divided by 3?
1
Suppose 4*f - 4 = 0, -n = -2*n - 4*f + 4. Let r = n - -2. Calculate the remainder when 3 is divided by r.
1
Let q(d) = d**2 + 5*d - 9. What is the remainder when q(-9) is divided by 15?
12
Suppose -5*y + 135 + 0 = 0. Suppose 0 = -54*z + 56*z - 28. Calculate the remainder when y is divided by z.
13
Suppose -12 + 164 = 4*f. Calculate the remainder when f is divided by 10.
8
Let v = -49 - -75. What is the remainder when v is divided by 7?
5
Let t be 2 + -1 - (-2 - 0). Suppose t*u - 2 = 4. Suppose -4*m = -16, -u*p - 4*m - 19 = -63. Calculate the remainder when 25 is divided by p.
11
Suppose 3*t = 7*t - 312. Let m = t + -50. Calculate the remainder when m is divided by 5.
3
Let k be 48/20 - (-4)/(-10). Calculate the remainder when 32 - (4/(-1) + k) is divided by (-6)/(2/(-4) + 0).
10
Suppose -5*h + 2*m + 15 = 7*m, 11 = h + 5*m. Let q = -1 + 0. Calculate the remainder when -2*(0 + 1)*q is divided by h.
0
Let a(i) = -i - 7. Let t be a(0). Let r(d) = -d**3 - 8*d**2 - 7*d + 10. Let x be r(t). Suppose -v = -3 - x. What is the remainder when 24 is divided by v?
11
Suppose 0 = k - 4*a - 21, 0*k - a - 48 = -5*k. Calculate the remainder when 32 is divided by k.
5
Suppose -5*w = -o - 25, -5*w + 3*o + 0 = -15. Calculate the remainder when 17 is divided by w.
5
Let q = -8 + 19. Let r = -3 - -23. Calculate the remainder when r is divided by q.
9
Let t(a) = a**3 + 8*a**2 + 7*a + 2. Let y be t(-7). Suppose y*k + 0*k - 44 = 0. Calculate the remainder when 43 is divided by k.
21
Suppose 29 = 5*y - 61. Let j = y + 12. Let a = -12 - -28. What is the remainder when j is divided by a?
14
Suppose -67 = -5*n + 138. What is the remainder when n is divided by 21?
20
Let p be 1 + 0 + 1 + 3. Suppose -r = -p*r + 200. Let m = -36 + r. Calculate the remainder when 41 is divided by m.
13
Let r = 14 - 17. Let s(j) = j**3 + 4*j**2 - j - 4. What is the remainder when 15 is divided by s(r)?
7
Let d(b) = b - 3. What is the remainder when d(11) is divided by 5?
3
Suppose r = -0*b + 2*b - 10, 0 = b - r - 3. Suppose n = -z - 0 + 1, -z - 19 = -4*n. Suppose -n*t + 5 = -47. What is the remainder when t is divided by b?
6
Let l = -10 + 14. Suppose l*t = -0*t + 8. What is the remainder when t is divided by 2?
0
Suppose -5*n = -p - 17 - 5, -5*n - 3*p + 34 = 0. Calculate the remainder when 7 is divided by n.
2
Let a = 6 - 0. Let f(v) = -2*v + 1. Let h be f(4). Let z = h - -22. What is the remainder when z is divided by a?
3
Let k(v) be the first derivative of -v**4/4 + 5*v**3/3 - 2*v**2 + 4*v - 1. Let l = 42 - 5. Calculate the remainder when l is divided by k(3).
7
Suppose p + 12 = -3*p. Let g be (6/(-9) + 0)*p. Suppose 2*l + j - 58 = -l, 94 = 4*l - g*j. Calculate the remainder when l is divided by 11.
10
Let b = 9 - 4. Suppose -3*i + 5*t + 17 + 18 = 0, -b*i + 5 = 5*t. Suppose 4*j = -3*l + 76, -4*l = i*j - 147 + 51. What is the remainder when 31 is divided by j?
15
Let b = -289 - -544. Calculate the remainder when b is divided by 32.
31
Suppose 0 = n - 0*n - 8. Let x = -507 - -522. What is the remainder when x is divided by n?
7
Suppose 0 = 5*l - 2*l + 